{"id":53,"date":"2018-02-04T17:43:54","date_gmt":"2018-02-04T17:43:54","guid":{"rendered":"http:\/\/clairewermeille.ch\/?page_id=53"},"modified":"2018-06-15T18:02:14","modified_gmt":"2018-06-15T18:02:14","slug":"home","status":"publish","type":"page","link":"https:\/\/clairewermeille.ch\/","title":{"rendered":""},"content":{"rendered":"<p>&nbsp;<\/p>\n<p><img loading=\"lazy\" decoding=\"async\" class=\"alignleft wp-image-230\" src=\"http:\/\/clairewermeille.ch\/wp-content\/uploads\/2018\/02\/espace-int\u00e9rieure-1-300x169.jpg\" alt=\"\" width=\"523\" height=\"295\" srcset=\"https:\/\/clairewermeille.ch\/wp-content\/uploads\/2018\/02\/espace-int\u00e9rieure-1-300x169.jpg 300w, https:\/\/clairewermeille.ch\/wp-content\/uploads\/2018\/02\/espace-int\u00e9rieure-1-768x432.jpg 768w, https:\/\/clairewermeille.ch\/wp-content\/uploads\/2018\/02\/espace-int\u00e9rieure-1-624x351.jpg 624w, https:\/\/clairewermeille.ch\/wp-content\/uploads\/2018\/02\/espace-int\u00e9rieure-1.jpg 960w\" sizes=\"auto, (max-width: 523px) 100vw, 523px\" \/><\/p>\n<p><span style=\"color: #000000;\"><strong>L\u2019atelier art-th\u00e9rapie, ergoth\u00e9rapie<\/strong><\/span> offre un espace pour que chacun puisse prendre contact avec son int\u00e9riorit\u00e9, son expression et se transforme. Cette premi\u00e8re d\u00e9marche de laisser aller, regarder avec amour \u00e0 l\u2019int\u00e9rieur est d\u00e9j\u00e0 b\u00e9n\u00e9fique. L\u2019activit\u00e9 cr\u00e9atrice peut \u00eatre un premier pas dans une d\u00e9tresse ou un besoin personnel o\u00f9 les mots semblent insuffisants. Les tourments psychiques, les tensions physiques, les d\u00e9sirs, les relations peuvent \u00eatre mises en forme \u00e0 travers une cr\u00e9ation personnelle.\u00a0Le contact avec la mati\u00e8re, le lien \u00e0 sa sensorialit\u00e9 aident \u00e0 ramener des images oubli\u00e9es, des fragments de la conscience. Par l\u2019exp\u00e9rimentation du processus cr\u00e9ateur, l\u2019\u00e2me, la m\u00e9moire, les aspirations ainsi que les ressources sont \u00e9voqu\u00e9es et utilis\u00e9es comme source d\u2019\u00e9nergie.<\/p>\n<p><span style=\"color: #0000ff;\"><span style=\"font-size: 1.5rem;\">\u00ab\u00a0Quand l\u2019\u00e2me veut savoir quelque chose, elle jette une image de l\u2019exp\u00e9rience avant d\u2019entrer dans sa propre image\u00a0\u00bb\u00a0<\/span><span style=\"font-size: 12px;\">Ma\u00eetre Eckart<\/span><\/span><\/p>\n<p>&nbsp;<\/p>\n<p>&nbsp;<\/p>\n","protected":false},"excerpt":{"rendered":"<p>&nbsp; L\u2019atelier art-th\u00e9rapie, ergoth\u00e9rapie offre un espace pour que chacun puisse prendre contact avec son int\u00e9riorit\u00e9, son expression et se transforme. Cette premi\u00e8re d\u00e9marche de laisser aller, regarder avec amour \u00e0 l\u2019int\u00e9rieur est d\u00e9j\u00e0 b\u00e9n\u00e9fique. L\u2019activit\u00e9 cr\u00e9atrice peut \u00eatre un premier pas dans une d\u00e9tresse ou un besoin personnel o\u00f9 les mots semblent insuffisants. Les [&hellip;]<\/p>\n","protected":false},"author":1,"featured_media":0,"parent":0,"menu_order":0,"comment_status":"closed","ping_status":"closed","template":"page-templates\/full-width.php","meta":{"footnotes":""},"class_list":["post-53","page","type-page","status-publish","hentry"],"_links":{"self":[{"href":"https:\/\/clairewermeille.ch\/index.php?rest_route=\/wp\/v2\/pages\/53","targetHints":{"allow":["GET"]}}],"collection":[{"href":"https:\/\/clairewermeille.ch\/index.php?rest_route=\/wp\/v2\/pages"}],"about":[{"href":"https:\/\/clairewermeille.ch\/index.php?rest_route=\/wp\/v2\/types\/page"}],"author":[{"embeddable":true,"href":"https:\/\/clairewermeille.ch\/index.php?rest_route=\/wp\/v2\/users\/1"}],"replies":[{"embeddable":true,"href":"https:\/\/clairewermeille.ch\/index.php?rest_route=%2Fwp%2Fv2%2Fcomments&post=53"}],"version-history":[{"count":46,"href":"https:\/\/clairewermeille.ch\/index.php?rest_route=\/wp\/v2\/pages\/53\/revisions"}],"predecessor-version":[{"id":414,"href":"https:\/\/clairewermeille.ch\/index.php?rest_route=\/wp\/v2\/pages\/53\/revisions\/414"}],"wp:attachment":[{"href":"https:\/\/clairewermeille.ch\/index.php?rest_route=%2Fwp%2Fv2%2Fmedia&parent=53"}],"curies":[{"name":"wp","href":"https:\/\/api.w.org\/{rel}","templated":true}]}}